{"id":933,"date":"2023-01-08T18:35:31","date_gmt":"2023-01-08T18:35:31","guid":{"rendered":"https:\/\/bekenntnis.net\/?page_id=933"},"modified":"2023-01-08T20:25:14","modified_gmt":"2023-01-08T20:25:14","slug":"themenkreis-gender-ehe-fuer-alle-diskussio","status":"publish","type":"page","link":"https:\/\/bekenntnis.net\/?page_id=933","title":{"rendered":"Themenkreis &#8222;Gender&#8220;, &#8222;Ehe f\u00fcr Alle&#8220;"},"content":{"rendered":"\n<p><a href=\"https:\/\/bekenntnis.net\/?p=301\">&gt;&gt; Eingabe an die badische Landessynode vom 27|OKT|2015<\/a><\/p>\n\n\n\n<p><a href=\"https:\/\/bekenntnis.net\/?p=306\">&gt;&gt; Eingabe an die badische Landessynode vom 6|FEB|2018<\/a><\/p>\n\n\n\n<p><a href=\"https:\/\/bekenntnis.net\/?p=312\">&gt;&gt; B. Hotz: Zw\u00f6lf widerst\u00e4ndige Brocken<\/a><\/p>\n\n\n\n<p><a href=\"https:\/\/bekenntnis.net\/?p=336\">&gt;&gt; Stellungnahme 03|JUL|2016<\/a><\/p>\n\n\n\n<p><a href=\"https:\/\/bekenntnis.net\/?p=354\">&gt;&gt; Antwort an OKR Dr. Kreplin 30|APR|2016<\/a><\/p>\n\n\n\n<p><a href=\"https:\/\/bekenntnis.net\/?p=348\">&gt;&gt; Fragen \u00fcber Fragen- Offener Brief an die Landessynode<\/a><\/p>\n\n\n\n<p><a href=\"https:\/\/bekenntnis.net\/?p=392\">>> Eingabe an die badische Landessynode vom 17|FEB|2016<\/a><\/p>\n\n\n\n<p><a href=\"https:\/\/bekenntnis.net\/?p=790\">&gt;&gt; \u203aGeboren im falschen K\u00f6rper\u2039 &#8211; eine Rezension<\/a><\/p>\n\n\n\n<p><a href=\"https:\/\/bekenntnis.net\/?p=636\">&gt;&gt; Was steckt eigentlich hinter dem \u203aGender-Sternchen\u2039?<\/a><strong><\/strong><\/p>\n\n\n\n<p><a href=\"https:\/\/bekenntnis.net\/?p=326\">&gt;<\/a><a href=\"https:\/\/bekenntnis.net\/?p=318\" target=\"_blank\" rel=\"noreferrer noopener\">&gt; GENDER | Zusammenstellung<\/a><\/p>\n\n\n\n<p><a href=\"https:\/\/bekenntnis.net\/?p=326\">&gt;&gt; Stellungnahme zu Flye<\/a>r<\/p>\n","protected":false},"excerpt":{"rendered":"<p>&gt;&gt; Eingabe an die badische Landessynode vom 27|OKT|2015 &gt;&gt; Eingabe an die badische Landessynode vom 6|FEB|2018 &gt;&gt; B. Hotz: Zw\u00f6lf widerst\u00e4ndige Brocken &gt;&gt; Stellungnahme 03|JUL|2016 &gt;&gt; Antwort an OKR Dr. Kreplin 30|APR|2016 &gt;&gt; Fragen \u00fcber Fragen- Offener Brief an die Landessynode >> Eingabe an die badische Landessynode vom 17|FEB|2016 &gt;&gt; \u203aGeboren im falschen K\u00f6rper\u2039 &#8211;<br \/><a class=\"moretag\" href=\"https:\/\/bekenntnis.net\/?page_id=933\">+ Read More<\/a><\/p>\n","protected":false},"author":5,"featured_media":0,"parent":762,"menu_order":0,"comment_status":"closed","ping_status":"closed","template":"","meta":[],"_links":{"self":[{"href":"https:\/\/bekenntnis.net\/index.php?rest_route=\/wp\/v2\/pages\/933"}],"collection":[{"href":"https:\/\/bekenntnis.net\/index.php?rest_route=\/wp\/v2\/pages"}],"about":[{"href":"https:\/\/bekenntnis.net\/index.php?rest_route=\/wp\/v2\/types\/page"}],"author":[{"embeddable":true,"href":"https:\/\/bekenntnis.net\/index.php?rest_route=\/wp\/v2\/users\/5"}],"replies":[{"embeddable":true,"href":"https:\/\/bekenntnis.net\/index.php?rest_route=%2Fwp%2Fv2%2Fcomments&post=933"}],"version-history":[{"count":5,"href":"https:\/\/bekenntnis.net\/index.php?rest_route=\/wp\/v2\/pages\/933\/revisions"}],"predecessor-version":[{"id":942,"href":"https:\/\/bekenntnis.net\/index.php?rest_route=\/wp\/v2\/pages\/933\/revisions\/942"}],"up":[{"embeddable":true,"href":"https:\/\/bekenntnis.net\/index.php?rest_route=\/wp\/v2\/pages\/762"}],"wp:attachment":[{"href":"https:\/\/bekenntnis.net\/index.php?rest_route=%2Fwp%2Fv2%2Fmedia&parent=933"}],"curies":[{"name":"wp","href":"https:\/\/api.w.org\/{rel}","templated":true}]}}